, -2*v = -3*z - 0 + 1. Let f be r(z). Suppose d = -f*d + 6. What is the units digit of d?
6
Let l = 24 + -4. Let y = -12 + l. What is the units digit of 18/4*y/12?
3
Let d = -1 - -1. Suppose 3*b + 4 = -2. Let r = d - b. What is the units digit of r?
2
Let f = -10 - -11. What is the units digit of (-3 + f)*(-20)/2?
0
Let k(y) = 3*y**2 + y + 2. Let r be k(6). Suppose -5*j + r = 4*c - 0*j, 4*j - 40 = -c. Suppose -p = 2*p - c. What is the units digit of p?
8
What is the tens digit of (-2)/(-4) - 2/4*-271?
3
Suppose 5*d - 182 = -2*h, d + 6 - 43 = -h. Suppose 4*g - d = g. What is the tens digit of g?
1
Suppose -155 = -6*q + q. What is the units digit of q?
1
Let d(g) = -g + 1. Let b be 114/(-24) - 2/8. What is the units digit of d(b)?
6
Let j be (-4)/(-14) - 8/28. What is the units digit of 38*2/4 - j?
9
Suppose -105 = -r - 2*v, -2*v + 141 + 166 = 3*r. What is the units digit of r?
1
Let t(j) = j**2 - 4*j - 3. Suppose 2*h = -0*h + 10. Let u be t(h). Let a(b) = 8*b - 3. What is the units digit of a(u)?
3
Let o(f) = 222*f**3 - 2*f + 1. Let r be o(1). Suppose 57 - 14 = k + n, 0 = -5*k + n + r. What is the units digit of k?
4
Suppose 2*h - 3*n - 2*n - 210 = 0, -3*n = 3*h - 294. What is the hundreds digit of h?
1
Let i(b) = b**3 - 3*b**2 + 5*b. What is the units digit of i(4)?
6
Suppose 2*k - 8*k = -12. What is the units digit of k?
2
Suppose 2*p = 2, 0 = -7*l + 2*l - 3*p + 1053. What is the hundreds digit of l?
2
Suppose -23*n = -24*n + 5. Suppose 47 = 3*y - 2*b, -n*y - 4*b + 76 = -5*b. What is the tens digit of y?
1
Let a(j) = j**2 + 7*j + 2. Let c be a(-6). Let t = c + 8. What is the units digit of t?
4
Suppose 3*k - 90 = -t, t - 3*k - 378 = -4*t. What is the units digit of t?
8
Let g = 236 + -188. What is the units digit of g?
8
Let c(a) = 7*a - 11. What is the units digit of c(7)?
8
Suppose -10 + 0 = 2*p - 4*m, 3*p + 4*m = 25. Let u(v) = v**3 + 5*v**2 + 2*v. Let g be u(-4). Suppose -p*q - 2 + g = 0. What is the units digit of q?
2
Let x(j) = j + 8. Let q be x(-9). Let z be (-13)/(-3) + q/3. Suppose 20 = z*c + c. What is the units digit of c?
4
Let d(j) = j**2 - 4. Let f be d(-4). Suppose -q - f = -5*q. What is the units digit of q?
3
Let r(w) = -w**2 + 6*w + 24. What is the units digit of r(7)?
7
Let x(u) be the third derivative of 0*u - 1/2*u**3 + 1/30*u**5 + 1/6*u**4 + 3*u**2 + 0. What is the units digit of x(2)?
3
Suppose 3*y = -0*y + 3. Suppose -d + 4*m + 2 = d, -d = -4*m + y. What is the units digit of d?
3
Let t(y) = 2*y**2 - 11*y + 14. What is the units digit of t(6)?
0
Suppose 10 - 1 = 3*t. Let d(k) be the second derivative of k**5/20 - k**4/3 + k**3/2 + 3*k**2/2 - 3*k. What is the units digit of d(t)?
3
Let r be (-1 + 1)*1/(-2). Let l be (-1)/2*-10 - 1. Suppose 2*d = -2*w + 30, 2*w - 30 + r = l*d. What is the units digit of w?
5
What is the tens digit of ((-16)/12)/(6/(-99))?
2
Let x(a) = -18*a**3 - a**2 + a + 1. Let j be x(-1). Let d = 20 - j. What is the units digit of d?
3
Suppose -w + 16 = 3*w. Suppose r = -k - 2*k + 95, 3*k + w*r = 83. What is the tens digit of k?
3
Let s(z) = -z**3 - 10*z**2 - 2*z - 15. Let x be s(-10). Suppose -x*h = -205 + 45. What is the tens digit of h?
3
Suppose 4*r = -0*r + 48. Let h be 54/r - 2/4. Suppose 4 = h*g, -2*o + 4*g = o - 44. What is the units digit of o?
6
Suppose 16 = -k + 5*q - q, 4*k - q = -94. What is the tens digit of k/16*(-40)/2?
3
Let p = 6 - 4. Let v be (-6)/3 - (-36 + p). Suppose 0 = 3*o - v + 8. What is the units digit of o?
8
Suppose -14*x + 85 = -13*x. What is the units digit of x?
5
Suppose m + 180 = 7*m. What is the units digit of m?
0
Suppose 0*s = s. Suppose 5*k - 2*h = 54, s = -h + 1 + 2. What is the tens digit of k?
1
Let f(n) = -n**3 - n**2 - 2*n - 4. Let h be f(0). What is the units digit of ((-112)/h)/1 - 1?
7
Suppose 0 = 5*w + 5*j - 185, 0 = 4*w - 3*j - 0 - 162. What is the units digit of w?
9
Let y(d) = 5*d**2 - 11*d + 12. Let u(m) = -2*m + 6. Let c be u(5). Let l(f) = 6*f**2 - 12*f + 13. Let j(h) = c*l(h) + 5*y(h). What is the units digit of j(7)?
8
Suppose 14 = 4*w - 2*w - 2*n, 3*n + 26 = 4*w. Let s(r) = r**3 - 6*r**2 + 6*r - 2. What is the units digit of s(w)?
3
Let y(g) = -g**2 - 5*g + 8. Let r be y(-6). Suppose -r*i + 36 = -14. What is the units digit of i?
5
Suppose 5*c - 3*z - 3 = 24, 3*z = -4*c + 27. Let a(l) = 2*l - 9. What is the units digit of a(c)?
3
Suppose 3*x = 2*x + 4. Suppose -2*c - x*y - 2 = 14, -12 = -5*c + 3*y. Let i(a) = -a + 5. What is the units digit of i(c)?
5
Suppose -3*j - c + 16 + 21 = 0, -2*j = -c - 28. Suppose -3*d = -w + j, 4*w - d = d + 62. What is the tens digit of w?
1
Let h(v) = 6*v + 3. Let p be h(-6). Let r = 7 - p. What is the tens digit of r?
4
Suppose -7*t = -2*t. Let q(m) = m**2 - m + 8. What is the units digit of q(t)?
8
Let o(n) = n**2 + n - 2. What is the tens digit of o(3)?
1
Let t(h) = -3*h**2 + 3. Let k be t(-3). Let d(x) = -x**3 + 5*x**2 + 5*x + 8. Let s be d(6). What is the units digit of k*((-10)/4 + s)?
2
Suppose -12 = 3*w, 2*t - 3*w = -0*w + 16. What is the units digit of t*(-9)/(-6) + 1?
4
Suppose 3*c - 4 = 4*c. Let n(f) = -2*f**3 - 4*f**2 + 2*f + 6. Let r(b) = b + 1. Let m(j) = c*r(j) + n(j). What is the units digit of m(-2)?
6
Let k(t) = 12*t - 9. Let b be k(9). Suppose -b - 16 = -5*y. What is the units digit of y?
3
Let z(t) = 46*t**2. What is the tens digit of z(-1)?
4
Let b = 37 - 23. What is the tens digit of b?
1
Let t = -23 - -14. Let c = 20 + t. What is the units digit of c?
1
Let l = 0 + -7. Let m(o) = -4*o + 2*o - o**2 - 6*o. What is the units digit of m(l)?
7
What is the units digit of (-14)/(-3) + -4 + (-292)/(-3)?
8
Let z be 18/4*(-10)/(-15). Suppose z*r + 3*w - 39 = 0, 0 = 3*r - 5*w - 46 - 1. What is the units digit of r?
4
Let i be ((-102)/12)/((-2)/(-4)). Let v = i + 30. What is the tens digit of v?
1
Suppose -5*n = -6*n - 3*i - 80, 0 = 4*n - 5*i + 371. Let l = 127 + n. What is the units digit of l?
8
Suppose 5*q = -2*q + 336. What is the units digit of q?
8
Suppose d - 4*b - 39 = -5*b, -2*b - 162 = -4*d. Let n = -25 + d. Let m = 26 - n. What is the units digit of m?
1
Suppose 3*o = -5*x - 0 + 28, -5*o - 15 = -4*x. Let w(h) = h**3 - 5*h**2 + 2*h - 3. Let g be w(x). What is the tens digit of 159/g - (-2)/7?
2
Let s be (-6 + 9)*97/3. Suppose 0 = -4*n + n + 5*z + 83, 3*n + 2*z - s = 0. What is the tens digit of n?
3
Let g(f) = f**3 - f**2 - f. Let z be g(0). Suppose -3*l + 3 + 36 = z. What is the units digit of l?
3
Suppose -t + w + 41 = 2*t, 4*t = -5*w + 23. Let y(r) = r. Let c be y(0). Suppose c*p + 2*p + a - t = 0, -5*a + 20 = 5*p. What is the units digit of p?
8
What is the tens digit of 3 + 153 + -2 + -1?
5
Let b = 28 + 6. What is the units digit of b?
4
Let p = -2 - -2. Let y = 0 + p. Suppose -4*f = -3*j - 1 - 1, y = 2*f - 10. What is the units digit of j?
6
Suppose -3*j - 52 = -142. What is the tens digit of j?
3
Let w(p) be the first derivative of -5*p**3/6 + p - 3. Let d(f) be the first derivative of w(f). What is the units digit of d(-1)?
5
Let w(v) = -v + 4. Let z = 0 - -2. What is the units digit of w(z)?
2
Suppose -3*g + 0*d + 5*d = -334, 0 = 3*g + 4*d - 316. What is the hundreds digit of g?
1
Suppose -2*h = c - 26, 3*c - 15 = -5*h + 68. Let r = 68 - c. What is the tens digit of r?
3
Suppose -4*d = 36 + 76. Let u = -12 - d. What is the units digit of u?
6
Let o be (-64)/((-4)/(-1)) + 1. Let a = -10 - o. What is the units digit of a?
5
Let i(l) = -l + 14. Suppose 0 = 2*j - 5 - 7. What is the units digit of i(j)?
8
Let n(m) = -m**3 - 6*m**2 + m + 8. Let a be n(-6). Suppose -2*v = -6*v. Suppose a*u - 2 - 2 = v. What is the units digit of u?
2
Suppose -v + t + 91 = -0*t, -v + 66 = 4*t. What is the tens digit of v?
8
Let g be 5/((21/6)/7). Suppose -a + 36 = g. What is the units digit of a?
6
Let l(x) = x**2 - 2*x + 5. Let o be l(0). Suppose -g + 258 = o*g. What is the tens digit of g?
4
Let q(s) be the first derivative of -2*s**2 - 3*s - 2. What is the tens digit of q(-5)?
1
Suppose -4*l + 52 = c, -c + 2*l + 39 = -37. What is the tens digit of c?
6
Suppose 0*k + 330 = -5*k - 5*x, -3*k - 166 = -5*x. Let y = k + 107. Let v = y - 32. What is the tens digit of v?
1
What is the units digit of 97 + 4/12*3?
8
What is the tens digit of 1*(54/2 - -1)?
2
Suppose 4*w - 8 = 2*w - 2*a, 0 = 3*w - 2*a - 17. What is